{"id":1320,"date":"2024-12-18T14:39:28","date_gmt":"2024-12-18T14:39:28","guid":{"rendered":"https:\/\/electricnetgroup.com\/?page_id=1320"},"modified":"2024-12-19T14:21:50","modified_gmt":"2024-12-19T14:21:50","slug":"fogyasztoi-egyezmeny","status":"publish","type":"page","link":"https:\/\/electricnetgroup.com\/index.php\/hu\/fogyasztoi-egyezmeny\/","title":{"rendered":"Fogyaszt\u00f3i egyezm\u00e9ny"},"content":{"rendered":"\t\t<div data-elementor-type=\"wp-page\" data-elementor-id=\"1320\" class=\"elementor elementor-1320\" data-elementor-post-type=\"page\">\n\t\t\t\t<div class=\"elementor-element elementor-element-7c0a7f0 e-flex e-con-boxed e-con e-parent\" data-id=\"7c0a7f0\" data-element_type=\"container\" data-settings=\"{&quot;_ha_eqh_enable&quot;:false}\" data-core-v316-plus=\"true\">\n\t\t\t\t\t<div class=\"e-con-inner\">\n\t\t<div class=\"elementor-element elementor-element-eedee68 e-con-full e-flex e-con e-child\" data-id=\"eedee68\" data-element_type=\"container\" data-settings=\"{&quot;_ha_eqh_enable&quot;:false}\">\n\t\t\t\t<div class=\"elementor-element elementor-element-415b1c5 elementor-widget elementor-widget-image\" data-id=\"415b1c5\" data-element_type=\"widget\" data-widget_type=\"image.default\">\n\t\t\t\t<div class=\"elementor-widget-container\">\n\t\t\t<style>\/*! elementor - v3.20.0 - 26-03-2024 *\/\n.elementor-widget-image{text-align:center}.elementor-widget-image a{display:inline-block}.elementor-widget-image a img[src$=\".svg\"]{width:48px}.elementor-widget-image img{vertical-align:middle;display:inline-block}<\/style>\t\t\t\t\t\t\t\t\t\t<img fetchpriority=\"high\" decoding=\"async\" width=\"1024\" height=\"682\" src=\"https:\/\/electricnetgroup.com\/wp-content\/uploads\/2024\/12\/hand-businesswoman-writing-paper-office-1024x682.jpg\" class=\"attachment-large size-large wp-image-1247\" alt=\"\" srcset=\"https:\/\/electricnetgroup.com\/wp-content\/uploads\/2024\/12\/hand-businesswoman-writing-paper-office-1024x682.jpg 1024w, https:\/\/electricnetgroup.com\/wp-content\/uploads\/2024\/12\/hand-businesswoman-writing-paper-office-300x200.jpg 300w, https:\/\/electricnetgroup.com\/wp-content\/uploads\/2024\/12\/hand-businesswoman-writing-paper-office-768x512.jpg 768w, https:\/\/electricnetgroup.com\/wp-content\/uploads\/2024\/12\/hand-businesswoman-writing-paper-office-1536x1024.jpg 1536w, https:\/\/electricnetgroup.com\/wp-content\/uploads\/2024\/12\/hand-businesswoman-writing-paper-office-930x620.jpg 930w, https:\/\/electricnetgroup.com\/wp-content\/uploads\/2024\/12\/hand-businesswoman-writing-paper-office.jpg 2000w\" sizes=\"(max-width: 1024px) 100vw, 1024px\" \/>\t\t\t\t\t\t\t\t\t\t\t\t\t<\/div>\n\t\t\t\t<\/div>\n\t\t\t\t<\/div>\n\t\t<div class=\"elementor-element elementor-element-24a9736 e-con-full e-flex e-con e-child\" data-id=\"24a9736\" data-element_type=\"container\" data-settings=\"{&quot;_ha_eqh_enable&quot;:false}\">\n\t\t\t\t<div class=\"elementor-element elementor-element-8f375f1 elementor-widget elementor-widget-text-editor\" data-id=\"8f375f1\" data-element_type=\"widget\" data-widget_type=\"text-editor.default\">\n\t\t\t\t<div class=\"elementor-widget-container\">\n\t\t\t<style>\/*! elementor - v3.20.0 - 26-03-2024 *\/\n.elementor-widget-text-editor.elementor-drop-cap-view-stacked .elementor-drop-cap{background-color:#69727d;color:#fff}.elementor-widget-text-editor.elementor-drop-cap-view-framed .elementor-drop-cap{color:#69727d;border:3px solid;background-color:transparent}.elementor-widget-text-editor:not(.elementor-drop-cap-view-default) .elementor-drop-cap{margin-top:8px}.elementor-widget-text-editor:not(.elementor-drop-cap-view-default) .elementor-drop-cap-letter{width:1em;height:1em}.elementor-widget-text-editor .elementor-drop-cap{float:left;text-align:center;line-height:1;font-size:50px}.elementor-widget-text-editor .elementor-drop-cap-letter{display:inline-block}<\/style>\t\t\t\t<div class=\"flex-1 overflow-hidden @container\/thread\"><div class=\"h-full\"><div class=\"react-scroll-to-bottom--css-rahto-79elbk h-full\"><div class=\"react-scroll-to-bottom--css-rahto-1n7m0yu\"><div class=\"flex flex-col text-sm md:pb-9\"><article class=\"w-full scroll-mb-[var(--thread-trailing-height,150px)] text-token-text-primary focus-visible:outline-2 focus-visible:outline-offset-[-4px]\" dir=\"auto\" data-testid=\"conversation-turn-19\" data-scroll-anchor=\"true\"><div class=\"m-auto text-base py-[18px] px-3 md:px-4 w-full md:px-5 lg:px-4 xl:px-5\"><div class=\"mx-auto flex flex-1 gap-4 text-base md:gap-5 lg:gap-6 md:max-w-3xl lg:max-w-[40rem] xl:max-w-[48rem]\"><div class=\"group\/conversation-turn relative flex w-full min-w-0 flex-col agent-turn\"><div class=\"flex-col gap-1 md:gap-3\"><div class=\"flex max-w-full flex-col flex-grow\"><div class=\"min-h-8 text-message flex w-full flex-col items-end gap-2 whitespace-normal break-words text-start [.text-message+&amp;]:mt-5\" dir=\"auto\" data-message-author-role=\"assistant\" data-message-id=\"d4e17357-7a5c-4966-aa06-87fd879cf335\" data-message-model-slug=\"gpt-4o-canmore\"><div class=\"flex w-full flex-col gap-1 empty:hidden first:pt-[3px]\"><div class=\"markdown prose w-full break-words dark:prose-invert light\"><p><strong>Mi a fogyaszt\u00f3i egyezm\u00e9ny(konvenci\u00f3)?<\/strong><\/p><p>A fogyaszt\u00f3i egyezm\u00e9ny (konvenci\u00f3) egy, az \u00d6n \u00e9s a szolg\u00e1ltat\u00f3 k\u00f6z\u00f6tt al\u00e1\u00edrt dokumentum, amely k\u00f6z\u00f6s megegyez\u00e9ssel becsl\u00e9st ad a sz\u00e1ml\u00e1z\u00e1shoz felhaszn\u00e1lt villamos energia mennyis\u00e9g\u00e9r\u0151l. Amennyiben nem k\u00fcldi el a havi indexet a szolg\u00e1ltat\u00f3nak, az ANRE 5\/2023 sz\u00e1m\u00fa rendelete alapj\u00e1n a sz\u00e1mla ezen konvenci\u00f3n alapul. Ez az el\u0151\u00edr\u00e1s mind mag\u00e1nszem\u00e9lyekre, mind jogi szem\u00e9lyekre \u00e9rv\u00e9nyes, \u00e9s az energiaszolg\u00e1ltat\u00f3val k\u00f6t\u00f6tt szerz\u0151d\u00e9s szerves r\u00e9sz\u00e9t k\u00e9pezi.<\/p><\/div><\/div><\/div><\/div><\/div><\/div><\/div><\/div><\/article><\/div><\/div><\/div><\/div><\/div>\t\t\t\t\t\t<\/div>\n\t\t\t\t<\/div>\n\t\t\t\t<\/div>\n\t\t\t\t\t<\/div>\n\t\t\t\t<\/div>\n\t\t<div class=\"elementor-element elementor-element-802c083 e-flex e-con-boxed e-con e-parent\" data-id=\"802c083\" data-element_type=\"container\" data-settings=\"{&quot;_ha_eqh_enable&quot;:false}\" data-core-v316-plus=\"true\">\n\t\t\t\t\t<div class=\"e-con-inner\">\n\t\t<div class=\"elementor-element elementor-element-0528acd e-con-full e-flex e-con e-child\" data-id=\"0528acd\" data-element_type=\"container\" data-settings=\"{&quot;_ha_eqh_enable&quot;:false}\">\n\t\t\t\t<div class=\"elementor-element elementor-element-9447dd5 elementor-widget elementor-widget-text-editor\" data-id=\"9447dd5\" data-element_type=\"widget\" data-widget_type=\"text-editor.default\">\n\t\t\t\t<div class=\"elementor-widget-container\">\n\t\t\t\t\t\t\t<p>Az eloszt\u00f3h\u00e1l\u00f3zat \u00fczemeltet\u0151je a fogyaszt\u00e1si konvenci\u00f3 \u00e9rt\u00e9keit az al\u00e1bbiak alapj\u00e1n hat\u00e1rozza meg:<\/p><p>\u00a0<\/p>\t\t\t\t\t\t<\/div>\n\t\t\t\t<\/div>\n\t\t\t\t<\/div>\n\t\t<div class=\"elementor-element elementor-element-027d950 e-con-full e-flex e-con e-child\" data-id=\"027d950\" data-element_type=\"container\" data-settings=\"{&quot;_ha_eqh_enable&quot;:false}\">\n\t\t\t\t<div class=\"elementor-element elementor-element-f98410d elementor-widget elementor-widget-text-editor\" data-id=\"f98410d\" data-element_type=\"widget\" data-widget_type=\"text-editor.default\">\n\t\t\t\t<div class=\"elementor-widget-container\">\n\t\t\t\t\t\t\t<ol><li>Az el\u0151z\u0151 \u00e9vben m\u00e9rt villamosenergia-fogyaszt\u00e1s alapj\u00e1n a hasonl\u00f3 id\u0151szakban, vagy a legut\u00f3bbi \u00f3raleolvas\u00e1st figyelembe v\u00e9ve.<\/li><li>Ha nincs fogyaszt\u00e1si el\u0151zm\u00e9nye az adott helysz\u00ednre vonatkoz\u00f3an, akkor az \u00fczemeltet\u0151 az \u00d6n kateg\u00f3ri\u00e1j\u00e1nak megfelel\u0151 profilcsoportba helyezi, \u00e9s ezt figyelembe v\u00e9ve hat\u00e1rozza meg a konvenci\u00f3 \u00e9rt\u00e9k\u00e9t.<\/li><\/ol>\t\t\t\t\t\t<\/div>\n\t\t\t\t<\/div>\n\t\t\t\t<\/div>\n\t\t<div class=\"elementor-element elementor-element-2883785 e-con-full e-flex e-con e-child\" data-id=\"2883785\" data-element_type=\"container\" data-settings=\"{&quot;_ha_eqh_enable&quot;:false}\">\n\t\t\t\t<div class=\"elementor-element elementor-element-ec3dd84 elementor-widget elementor-widget-text-editor\" data-id=\"ec3dd84\" data-element_type=\"widget\" data-widget_type=\"text-editor.default\">\n\t\t\t\t<div class=\"elementor-widget-container\">\n\t\t\t\t\t\t\t<p><strong>\u00d6n, mint \u00fcgyf\u00e9l<\/strong>, lehet\u0151s\u00e9ge van meghat\u00e1rozni a fogyaszt\u00e1si konvenci\u00f3 \u00e9rt\u00e9keit egy \u00faj szerz\u0151d\u00e9s al\u00e1\u00edr\u00e1sakor. Ekkor nyilatkozhat az \u00d6n \u00e1ltal becs\u00fclt villamosenergia-mennyis\u00e9gekr\u0151l, amelyeket v\u00e9lem\u00e9nye szerint \u00e1tlagosan el fog fogyasztani havonta.<\/p><p>Ezen \u00e9rt\u00e9kek alapj\u00e1n a szolg\u00e1ltat\u00f3 csak a k\u00f6vetkez\u0151 esetekben \u00e1ll\u00edt ki sz\u00e1ml\u00e1t:<\/p><ul><li>Nem tov\u00e1bb\u00edtotta a fogyaszt\u00e1si m\u00e9r\u0151\u00f3ra\u00e1ll\u00e1st a szerz\u0151d\u00e9ses el\u0151\u00edr\u00e1soknak megfelel\u0151en.<\/li><li>Az \u00d6n m\u00e9r\u0151je nincs bekapcsolva egy t\u00e1vleolvas\u00e1si rendszerbe, \u00e9s a fogyaszt\u00e1sra vonatkoz\u00f3 adatok nem jutnak el automatikusan a szolg\u00e1ltat\u00f3hoz.<\/li><\/ul>\t\t\t\t\t\t<\/div>\n\t\t\t\t<\/div>\n\t\t\t\t<\/div>\n\t\t\t\t\t<\/div>\n\t\t\t\t<\/div>\n\t\t<div class=\"elementor-element elementor-element-68390f5 e-flex e-con-boxed e-con e-parent\" data-id=\"68390f5\" data-element_type=\"container\" data-settings=\"{&quot;background_background&quot;:&quot;classic&quot;,&quot;_ha_eqh_enable&quot;:false}\" data-core-v316-plus=\"true\">\n\t\t\t\t\t<div class=\"e-con-inner\">\n\t\t\t\t<div class=\"elementor-element elementor-element-eef03ff elementor-widget elementor-widget-text-editor\" data-id=\"eef03ff\" data-element_type=\"widget\" data-widget_type=\"text-editor.default\">\n\t\t\t\t<div class=\"elementor-widget-container\">\n\t\t\t\t\t\t\t<p><strong>Lehet m\u00f3dos\u00edtani a fogyaszt\u00e1si konvenci\u00f3t?<\/strong><\/p><p>Igen, a villamosenergia-ell\u00e1t\u00e1si szerz\u0151d\u00e9s id\u0151tartama alatt el\u0151fordulhatnak v\u00e1ltoz\u00e1sok az \u00d6n fogyaszt\u00e1s\u00e1ban. Ezeknek a v\u00e1ltoz\u00e1soknak a t\u00fckr\u00f6z\u00e9se \u00e9rdek\u00e9ben lehet\u0151s\u00e9ge van m\u00f3dos\u00edtani a fogyaszt\u00e1si meg\u00e1llapod\u00e1st az al\u00e1bbi l\u00e9p\u00e9sek k\u00f6vet\u00e9s\u00e9vel:<\/p>\t\t\t\t\t\t<\/div>\n\t\t\t\t<\/div>\n\t\t\t\t\t<\/div>\n\t\t\t\t<\/div>\n\t\t<div class=\"elementor-element elementor-element-dd1b75e e-flex e-con-boxed e-con e-parent\" data-id=\"dd1b75e\" data-element_type=\"container\" data-settings=\"{&quot;_ha_eqh_enable&quot;:false}\" data-core-v316-plus=\"true\">\n\t\t\t\t\t<div class=\"e-con-inner\">\n\t\t<div class=\"elementor-element elementor-element-3d29e0d e-con-full e-flex e-con e-child\" data-id=\"3d29e0d\" data-element_type=\"container\" data-settings=\"{&quot;_ha_eqh_enable&quot;:false}\">\n\t\t\t\t<div class=\"elementor-element elementor-element-56c3fb4 elementor-widget elementor-widget-text-editor\" data-id=\"56c3fb4\" data-element_type=\"widget\" data-widget_type=\"text-editor.default\">\n\t\t\t\t<div class=\"elementor-widget-container\">\n\t\t\t\t\t\t\t<ol><li><h6><strong>A k\u00e9relem elk\u00fcld\u00e9se<\/strong><strong style=\"font-size: 16px;\">:<\/strong><\/h6><\/li><\/ol><p>K\u00e9rj\u00fck, t\u00f6ltse le a villamosenergia-fogyaszt\u00e1si konvenci\u00f3 m\u00f3dos\u00edt\u00e1s\u00e1hoz sz\u00fcks\u00e9ges \u0171rlapot (el\u00e9rhet\u0151 a weboldalunkon), t\u00f6ltse ki figyelmesen, \u00e9s k\u00fcldje el postai \u00faton a sz\u00e9khely\u00fcnkre:<br \/><strong>Str. Vasile Lucaciu, Nr. 3, Satu Mare, Jud. Satu Mare.<\/strong><\/p>\t\t\t\t\t\t<\/div>\n\t\t\t\t<\/div>\n\t\t\t\t<\/div>\n\t\t<div class=\"elementor-element elementor-element-d6e7366 e-con-full e-flex e-con e-child\" data-id=\"d6e7366\" data-element_type=\"container\" data-settings=\"{&quot;_ha_eqh_enable&quot;:false}\">\n\t\t\t\t<div class=\"elementor-element elementor-element-2d7b4a8 elementor-widget elementor-widget-text-editor\" data-id=\"2d7b4a8\" data-element_type=\"widget\" data-widget_type=\"text-editor.default\">\n\t\t\t\t<div class=\"elementor-widget-container\">\n\t\t\t\t\t\t\t<p><strong>2.<\/strong><strong>Adja meg a sz\u00fcks\u00e9ges adatokat:<\/strong><\/p><ul><li>A fogyaszt\u00e1si hely azonos\u00edt\u00f3 adatait.<\/li><li>A villamosenergia-fogyaszt\u00e1s becs\u00fclt \u00e9rt\u00e9keit arra az id\u0151szakra vonatkoz\u00f3an, amelyben m\u00f3dos\u00edtani k\u00edv\u00e1nja azt.<\/li><\/ul>\t\t\t\t\t\t<\/div>\n\t\t\t\t<\/div>\n\t\t\t\t<\/div>\n\t\t<div class=\"elementor-element elementor-element-3a8fa9a e-con-full e-flex e-con e-child\" data-id=\"3a8fa9a\" data-element_type=\"container\" data-settings=\"{&quot;_ha_eqh_enable&quot;:false}\">\n\t\t\t\t<div class=\"elementor-element elementor-element-f7e3b8b elementor-widget elementor-widget-text-editor\" data-id=\"f7e3b8b\" data-element_type=\"widget\" data-widget_type=\"text-editor.default\">\n\t\t\t\t<div class=\"elementor-widget-container\">\n\t\t\t\t\t\t\t<p><strong>3.<\/strong><strong>\u00c9rv\u00e9nyes\u00edt\u00e9s a szolg\u00e1ltat\u00f3 r\u00e9sz\u00e9r\u0151l<\/strong><strong>:<\/strong><br \/>A m\u00f3dos\u00edtott villamosenergia-fogyaszt\u00e1si konvenci\u00f3t a szolg\u00e1ltat\u00f3 az \u00d6n \u00e1ltal megadott \u00e9rt\u00e9kek alapj\u00e1n tov\u00e1bb\u00edtja az eloszt\u00f3 \u00fczemeltet\u0151j\u00e9nek.<\/p>\t\t\t\t\t\t<\/div>\n\t\t\t\t<\/div>\n\t\t\t\t<\/div>\n\t\t<div class=\"elementor-element elementor-element-f73a383 e-con-full e-flex e-con e-child\" data-id=\"f73a383\" data-element_type=\"container\" data-settings=\"{&quot;_ha_eqh_enable&quot;:false}\">\n\t\t\t\t<div class=\"elementor-element elementor-element-c43df29 elementor-widget elementor-widget-text-editor\" data-id=\"c43df29\" data-element_type=\"widget\" data-widget_type=\"text-editor.default\">\n\t\t\t\t<div class=\"elementor-widget-container\">\n\t\t\t\t\t\t\t<p><strong>4. \u00c9rv\u00e9nyes\u00edt\u00e9s az Eloszt\u00f3 (Disztrib\u00faci\u00f3) R\u00e9sz\u00e9r\u0151l:<\/strong><br \/>A villamosenergia-eloszt\u00f3 (disztrib\u00faci\u00f3) ellen\u0151rzi a tov\u00e1bb\u00edtott adatokat. Elutas\u00edt\u00e1s eset\u00e9n az energiaszolg\u00e1ltat\u00f3 t\u00e1j\u00e9koztatja \u00d6nt az elutas\u00edt\u00e1s okair\u00f3l.<\/p>\t\t\t\t\t\t<\/div>\n\t\t\t\t<\/div>\n\t\t\t\t<\/div>\n\t\t\t\t\t<\/div>\n\t\t\t\t<\/div>\n\t\t<div class=\"elementor-element elementor-element-d2bb0d4 e-flex e-con-boxed e-con e-parent\" data-id=\"d2bb0d4\" data-element_type=\"container\" data-settings=\"{&quot;_ha_eqh_enable&quot;:false}\" data-core-v316-plus=\"true\">\n\t\t\t\t\t<div class=\"e-con-inner\">\n\t\t<div class=\"elementor-element elementor-element-0b3c820 e-con-full e-flex e-con e-child\" data-id=\"0b3c820\" data-element_type=\"container\" data-settings=\"{&quot;_ha_eqh_enable&quot;:false}\">\n\t\t\t\t<div class=\"elementor-element elementor-element-c857094 elementor-widget elementor-widget-text-editor\" data-id=\"c857094\" data-element_type=\"widget\" data-widget_type=\"text-editor.default\">\n\t\t\t\t<div class=\"elementor-widget-container\">\n\t\t\t\t\t\t\t<p>Az al\u00e1bbiakban megtal\u00e1lja azt az \u0171rlapot, amelyet ki kell t\u00f6ltenie, amennyiben \u00faj k\u00e9relmet szeretne beny\u00fajtani a villamosenergia-fogyaszt\u00e1si konvenci\u00f3val kapcsolatban.<\/p><p><a href=\"https:\/\/electricnetgroup.com\/wp-content\/uploads\/2024\/12\/conventie_curent.pdf\">\u0170rlap a Villamosenergia-Fogyaszt\u00f3i Konvenci\u00f3 m\u00f3dos\u00edt\u00e1s\u00e1hoz<\/a><\/p>\t\t\t\t\t\t<\/div>\n\t\t\t\t<\/div>\n\t\t\t\t<\/div>\n\t\t<div class=\"elementor-element elementor-element-9e96d28 e-con-full e-flex e-con e-child\" data-id=\"9e96d28\" data-element_type=\"container\" data-settings=\"{&quot;_ha_eqh_enable&quot;:false}\">\n\t\t\t\t<div class=\"elementor-element elementor-element-36df249 elementor-widget elementor-widget-text-editor\" data-id=\"36df249\" data-element_type=\"widget\" data-widget_type=\"text-editor.default\">\n\t\t\t\t<div class=\"elementor-widget-container\">\n\t\t\t\t\t\t\t<p>A villamosenergia-fogyaszt\u00f3i konvenci\u00f3 helyes kit\u00f6lt\u00e9s\u00e9re vonatkoz\u00f3 magyar\u00e1zatot al\u00e1bb tal\u00e1lja.<\/p><p><a href=\"https:\/\/electricnetgroup.com\/wp-content\/uploads\/2024\/12\/c__d_c_e.pdf\">A Villamosenergia-fogyaszt\u00f3i Konvenci\u00f3 \u0171rlap kit\u00f6lt\u00e9s\u00e9nek \u00fatmutat\u00f3ja<\/a><\/p>\t\t\t\t\t\t<\/div>\n\t\t\t\t<\/div>\n\t\t\t\t<\/div>\n\t\t\t\t\t<\/div>\n\t\t\t\t<\/div>\n\t\t<div class=\"elementor-element elementor-element-cea5c0e e-flex e-con-boxed e-con e-parent\" data-id=\"cea5c0e\" data-element_type=\"container\" data-settings=\"{&quot;_ha_eqh_enable&quot;:false}\" data-core-v316-plus=\"true\">\n\t\t\t\t\t<div class=\"e-con-inner\">\n\t\t<div class=\"elementor-element elementor-element-60c27d2 e-flex e-con-boxed e-con e-child\" data-id=\"60c27d2\" data-element_type=\"container\" data-settings=\"{&quot;background_background&quot;:&quot;classic&quot;,&quot;_ha_eqh_enable&quot;:false}\">\n\t\t\t\t\t<div class=\"e-con-inner\">\n\t\t\t\t<div class=\"elementor-element elementor-element-94e5a79 elementor-widget elementor-widget-text-editor\" data-id=\"94e5a79\" data-element_type=\"widget\" data-widget_type=\"text-editor.default\">\n\t\t\t\t<div class=\"elementor-widget-container\">\n\t\t\t\t\t\t\t<h5>Ha b\u00e1rmilyen probl\u00e9m\u00e1ja vagy k\u00e9rd\u00e9se mer\u00fcl fel a villamos energi\u00e1val kapcsolatban, k\u00e9rem, forduljon hozz\u00e1nk bizalommal.<\/h5>\t\t\t\t\t\t<\/div>\n\t\t\t\t<\/div>\n\t\t\t\t<div class=\"elementor-element elementor-element-34a7975 elementor-align-center elementor-widget elementor-widget-button\" data-id=\"34a7975\" data-element_type=\"widget\" data-widget_type=\"button.default\">\n\t\t\t\t<div class=\"elementor-widget-container\">\n\t\t\t\t\t<div class=\"elementor-button-wrapper\">\n\t\t\t<a class=\"elementor-button elementor-button-link elementor-size-sm\" href=\"https:\/\/electricnetgroup.com\/index.php\/hu\/kapcsolat\/\">\n\t\t\t\t\t\t<span class=\"elementor-button-content-wrapper\">\n\t\t\t\t\t\t<span class=\"elementor-button-text\">Kapcsolat<\/span>\n\t\t<\/span>\n\t\t\t\t\t<\/a>\n\t\t<\/div>\n\t\t\t\t<\/div>\n\t\t\t\t<\/div>\n\t\t\t\t\t<\/div>\n\t\t\t\t<\/div>\n\t\t\t\t\t<\/div>\n\t\t\t\t<\/div>\n\t\t<div class=\"elementor-element elementor-element-14c90e7 e-flex e-con-boxed e-con e-parent\" data-id=\"14c90e7\" data-element_type=\"container\" data-settings=\"{&quot;_ha_eqh_enable&quot;:false}\" data-core-v316-plus=\"true\">\n\t\t\t\t\t<div class=\"e-con-inner\">\n\t\t\t\t<div class=\"elementor-element elementor-element-d1812ea elementor-widget-divider--view-line elementor-widget elementor-widget-divider\" data-id=\"d1812ea\" data-element_type=\"widget\" data-widget_type=\"divider.default\">\n\t\t\t\t<div class=\"elementor-widget-container\">\n\t\t\t<style>\/*! elementor - v3.20.0 - 26-03-2024 *\/\n.elementor-widget-divider{--divider-border-style:none;--divider-border-width:1px;--divider-color:#0c0d0e;--divider-icon-size:20px;--divider-element-spacing:10px;--divider-pattern-height:24px;--divider-pattern-size:20px;--divider-pattern-url:none;--divider-pattern-repeat:repeat-x}.elementor-widget-divider .elementor-divider{display:flex}.elementor-widget-divider .elementor-divider__text{font-size:15px;line-height:1;max-width:95%}.elementor-widget-divider .elementor-divider__element{margin:0 var(--divider-element-spacing);flex-shrink:0}.elementor-widget-divider .elementor-icon{font-size:var(--divider-icon-size)}.elementor-widget-divider .elementor-divider-separator{display:flex;margin:0;direction:ltr}.elementor-widget-divider--view-line_icon .elementor-divider-separator,.elementor-widget-divider--view-line_text .elementor-divider-separator{align-items:center}.elementor-widget-divider--view-line_icon .elementor-divider-separator:after,.elementor-widget-divider--view-line_icon .elementor-divider-separator:before,.elementor-widget-divider--view-line_text .elementor-divider-separator:after,.elementor-widget-divider--view-line_text .elementor-divider-separator:before{display:block;content:\"\";border-block-end:0;flex-grow:1;border-block-start:var(--divider-border-width) var(--divider-border-style) var(--divider-color)}.elementor-widget-divider--element-align-left .elementor-divider .elementor-divider-separator>.elementor-divider__svg:first-of-type{flex-grow:0;flex-shrink:100}.elementor-widget-divider--element-align-left .elementor-divider-separator:before{content:none}.elementor-widget-divider--element-align-left .elementor-divider__element{margin-left:0}.elementor-widget-divider--element-align-right .elementor-divider .elementor-divider-separator>.elementor-divider__svg:last-of-type{flex-grow:0;flex-shrink:100}.elementor-widget-divider--element-align-right .elementor-divider-separator:after{content:none}.elementor-widget-divider--element-align-right .elementor-divider__element{margin-right:0}.elementor-widget-divider--element-align-start .elementor-divider .elementor-divider-separator>.elementor-divider__svg:first-of-type{flex-grow:0;flex-shrink:100}.elementor-widget-divider--element-align-start .elementor-divider-separator:before{content:none}.elementor-widget-divider--element-align-start .elementor-divider__element{margin-inline-start:0}.elementor-widget-divider--element-align-end .elementor-divider .elementor-divider-separator>.elementor-divider__svg:last-of-type{flex-grow:0;flex-shrink:100}.elementor-widget-divider--element-align-end .elementor-divider-separator:after{content:none}.elementor-widget-divider--element-align-end .elementor-divider__element{margin-inline-end:0}.elementor-widget-divider:not(.elementor-widget-divider--view-line_text):not(.elementor-widget-divider--view-line_icon) .elementor-divider-separator{border-block-start:var(--divider-border-width) var(--divider-border-style) var(--divider-color)}.elementor-widget-divider--separator-type-pattern{--divider-border-style:none}.elementor-widget-divider--separator-type-pattern.elementor-widget-divider--view-line .elementor-divider-separator,.elementor-widget-divider--separator-type-pattern:not(.elementor-widget-divider--view-line) .elementor-divider-separator:after,.elementor-widget-divider--separator-type-pattern:not(.elementor-widget-divider--view-line) .elementor-divider-separator:before,.elementor-widget-divider--separator-type-pattern:not([class*=elementor-widget-divider--view]) .elementor-divider-separator{width:100%;min-height:var(--divider-pattern-height);-webkit-mask-size:var(--divider-pattern-size) 100%;mask-size:var(--divider-pattern-size) 100%;-webkit-mask-repeat:var(--divider-pattern-repeat);mask-repeat:var(--divider-pattern-repeat);background-color:var(--divider-color);-webkit-mask-image:var(--divider-pattern-url);mask-image:var(--divider-pattern-url)}.elementor-widget-divider--no-spacing{--divider-pattern-size:auto}.elementor-widget-divider--bg-round{--divider-pattern-repeat:round}.rtl .elementor-widget-divider .elementor-divider__text{direction:rtl}.e-con-inner>.elementor-widget-divider,.e-con>.elementor-widget-divider{width:var(--container-widget-width,100%);--flex-grow:var(--container-widget-flex-grow)}<\/style>\t\t<div class=\"elementor-divider\">\n\t\t\t<span class=\"elementor-divider-separator\">\n\t\t\t\t\t\t<\/span>\n\t\t<\/div>\n\t\t\t\t<\/div>\n\t\t\t\t<\/div>\n\t\t\t\t\t<\/div>\n\t\t\t\t<\/div>\n\t\t\t\t<\/div>\n\t\t","protected":false},"excerpt":{"rendered":"<p>Mi a fogyaszt\u00f3i egyezm\u00e9ny(konvenci\u00f3)? A fogyaszt\u00f3i egyezm\u00e9ny (konvenci\u00f3) egy, az \u00d6n \u00e9s a szolg\u00e1ltat\u00f3 k\u00f6z\u00f6tt al\u00e1\u00edrt dokumentum, amely k\u00f6z\u00f6s megegyez\u00e9ssel becsl\u00e9st ad a sz\u00e1ml\u00e1z\u00e1shoz felhaszn\u00e1lt villamos energia mennyis\u00e9g\u00e9r\u0151l. Amennyiben nem k\u00fcldi el a havi indexet a szolg\u00e1ltat\u00f3nak, az ANRE 5\/2023 sz\u00e1m\u00fa rendelete alapj\u00e1n a sz\u00e1mla ezen konvenci\u00f3n alapul. Ez az el\u0151\u00edr\u00e1s mind mag\u00e1nszem\u00e9lyekre, mind jogi&hellip;&nbsp;<a href=\"https:\/\/electricnetgroup.com\/index.php\/hu\/fogyasztoi-egyezmeny\/\" class=\"\" rel=\"bookmark\">Cite\u0219te mai mult &raquo;<span class=\"screen-reader-text\">Fogyaszt\u00f3i egyezm\u00e9ny<\/span><\/a><\/p>\n","protected":false},"author":1,"featured_media":0,"parent":0,"menu_order":0,"comment_status":"closed","ping_status":"closed","template":"page-templates\/template-pagebuilder-full-width.php","meta":{"neve_meta_sidebar":"","neve_meta_container":"","neve_meta_enable_content_width":"","neve_meta_content_width":0,"neve_meta_title_alignment":"","neve_meta_author_avatar":"","neve_post_elements_order":"","neve_meta_disable_header":"","neve_meta_disable_footer":"","neve_meta_disable_title":"","footnotes":""},"class_list":["post-1320","page","type-page","status-publish","hentry"],"_links":{"self":[{"href":"https:\/\/electricnetgroup.com\/index.php\/wp-json\/wp\/v2\/pages\/1320","targetHints":{"allow":["GET"]}}],"collection":[{"href":"https:\/\/electricnetgroup.com\/index.php\/wp-json\/wp\/v2\/pages"}],"about":[{"href":"https:\/\/electricnetgroup.com\/index.php\/wp-json\/wp\/v2\/types\/page"}],"author":[{"embeddable":true,"href":"https:\/\/electricnetgroup.com\/index.php\/wp-json\/wp\/v2\/users\/1"}],"replies":[{"embeddable":true,"href":"https:\/\/electricnetgroup.com\/index.php\/wp-json\/wp\/v2\/comments?post=1320"}],"version-history":[{"count":19,"href":"https:\/\/electricnetgroup.com\/index.php\/wp-json\/wp\/v2\/pages\/1320\/revisions"}],"predecessor-version":[{"id":1343,"href":"https:\/\/electricnetgroup.com\/index.php\/wp-json\/wp\/v2\/pages\/1320\/revisions\/1343"}],"wp:attachment":[{"href":"https:\/\/electricnetgroup.com\/index.php\/wp-json\/wp\/v2\/media?parent=1320"}],"curies":[{"name":"wp","href":"https:\/\/api.w.org\/{rel}","templated":true}]}}